est common divisor of 9309498 and 484.
242
What is the greatest common divisor of 3103 and 6527?
107
Calculate the highest common divisor of 48 and 80624.
16
Calculate the greatest common factor of 37327 and 687.
229
What is the greatest common divisor of 9472 and 1024?
256
Calculate the greatest common factor of 8874 and 19584.
306
Calculate the highest common divisor of 2896756 and 1388.
1388
Calculate the greatest common divisor of 24380 and 162180.
1060
What is the highest common factor of 7718 and 6810?
454
What is the highest common divisor of 17301 and 146?
73
What is the greatest common divisor of 3 and 15439?
1
What is the greatest common divisor of 16 and 114636?
4
What is the greatest common factor of 258 and 5622?
6
Calculate the highest common factor of 8 and 265208.
8
What is the greatest common factor of 195 and 155415?
195
What is the highest common factor of 307211 and 5624?
703
What is the highest common divisor of 158 and 3599714?
158
What is the highest common divisor of 5925 and 1575?
75
What is the highest common divisor of 304590 and 2340?
390
What is the highest common factor of 579254 and 234?
26
What is the highest common divisor of 95236 and 77174?
1642
What is the highest common divisor of 5146 and 18758?
166
What is the greatest common factor of 413 and 21?
7
What is the greatest common divisor of 303 and 1923?
3
Calculate the greatest common factor of 221 and 46393.
17
What is the greatest common divisor of 31185 and 18865?
385
Calculate the greatest common factor of 465 and 202647.
93
Calculate the greatest common factor of 5412 and 1920358.
902
What is the greatest common factor of 113306 and 10317?
181
Calculate the highest common divisor of 2788 and 7412.
68
What is the highest common divisor of 6 and 17181?
3
Calculate the greatest common factor of 1263553 and 67.
67
What is the greatest common divisor of 28665 and 52?
13
What is the highest common factor of 5000 and 2080?
40
Calculate the greatest common factor of 18927 and 63.
9
What is the highest common divisor of 765135 and 735?
735
Calculate the greatest common divisor of 182 and 2534.
14
Calculate the greatest common factor of 304 and 41692.
4
What is the greatest common factor of 16100 and 159620?
460
Calculate the greatest common divisor of 1612 and 18476.
124
Calculate the greatest common divisor of 174065 and 620.
155
Calculate the highest common factor of 100 and 38320.
20
What is the highest common divisor of 354 and 1944?
6
What is the greatest common factor of 456 and 5662?
38
What is the greatest common factor of 8 and 17030?
2
What is the highest common factor of 973997 and 19?
19
Calculate the highest common factor of 882 and 2254.
98
Calculate the greatest common divisor of 882 and 116118.
18
What is the greatest common factor of 99 and 444807?
99
What is the greatest common divisor of 1819 and 13161?
107
Calculate the greatest common factor of 3100 and 6324.
124
Calculate the greatest common divisor of 249565 and 342.
19
What is the highest common divisor of 1473827 and 82?
41
Calculate the highest common factor of 18343 and 238.
17
Calculate the greatest common divisor of 39 and 430833.
39
What is the highest common divisor of 46904 and 264?
88
What is the greatest common divisor of 2312726 and 91?
13
Calculate the greatest common divisor of 75 and 16140.
15
What is the greatest common factor of 3456 and 6036?
12
Calculate the highest common divisor of 63 and 74697.
21
Calculate the greatest common factor of 675640 and 762.
254
Calculate the greatest common factor of 35454 and 114.
114
What is the greatest common factor of 578672 and 1180?
236
Calculate the greatest common divisor of 3014 and 8083.
137
What is the greatest common factor of 84 and 33068?
28
Calculate the greatest common divisor of 116817 and 138.
69
What is the greatest common factor of 8 and 26108?
4
Calculate the greatest common factor of 212 and 850968.
212
Calculate the greatest common factor of 31400 and 2600.
200
Calculate the greatest common divisor of 63 and 5334.
21
What is the greatest common factor of 89318 and 3266?
142
Calculate the greatest common divisor of 1648032 and 120.
24
Calculate the greatest common divisor of 10920 and 1890.
210
What is the highest common factor of 13312 and 3640?
104
Calculate the highest common factor of 12 and 2762802.
6
Calculate the greatest common factor of 554812 and 544.
68
What is the greatest common factor of 410 and 1744222?
82
Calculate the highest common factor of 420680 and 8320.
520
What is the greatest common divisor of 266910 and 4480?
70
What is the greatest common divisor of 20 and 12145620?
20
Calculate the greatest common factor of 640 and 1584040.
40
What is the greatest common divisor of 434 and 1442?
14
What is the greatest common divisor of 100440 and 1488?
744
What is the highest common divisor of 1920 and 327840?
480
Calculate the highest common factor of 1368 and 3496.
152
What is the greatest common divisor of 1188 and 53262?
198
Calculate the highest common factor of 99413 and 356.
89
Calculate the greatest common divisor of 21536 and 256.
32
What is the greatest common divisor of 8 and 154944?
8
Calculate the highest common divisor of 24704 and 58286.
386
Calculate the greatest common divisor of 17668 and 56.
28
Calculate the greatest common divisor of 335 and 13199.
67
What is the greatest common divisor of 602 and 37281?
43
What is the greatest common factor of 10 and 122495?
5
Calculate the greatest common factor of 282 and 28858.
94
What is the highest common factor of 475 and 320150?
475
Calculate the highest common divisor of 94662 and 24.
6
Calculate the highest common divisor of 1397 and 4862.
11
What is the highest common factor of 5809 and 12839?
37
What is the highest common divisor of 109155 and 855?
285
What is the highest common factor of 920 and 17320?
40
What is the highest common factor of 2132 and 1716?
52
What is the greatest common divisor of 1206 and 148472?
134
What is the highest common divisor of 2 and 158892?
2
What is the highest common factor of 5696 and 144?
16
What is the greatest common divisor of 635099 and 1802?
53
Calculate the highest common divisor of 4830 and 26670.
210
Calculate the greatest common factor of 24 and 101652.
12
Calculate the greatest common factor of 106140 and 1098.
366
What is the greatest common divisor of 140131 and 34?
17
What is the greatest common factor of 6874 and 8218?
14
What is the greatest common factor of 127018 and 410?
82
What is the greatest common divisor of 2380945 and 140?
35
Calculate the highest common factor of 48914 and 74.
74
Calculate the highest common divisor of 39760 and 639.
71
What is the greatest common divisor of 38493 and 219349?
611
Calculate the highest common divisor of 3 and 2305770.
3
What is the highest common factor of 244 and 728218?
122
What is the greatest common factor of 3268 and 13984?
76
Calculate the greatest common divisor of 158000 and 37000.
1000
Calculate the greatest common factor of 405 and 19359.
81
What is the greatest common factor of 9 and 5391?
9
Calculate the greatest common factor of 115670 and 645.
215
What is the highest common divisor of 1064 and 2318?
38
Calculate the greatest common factor of 4791 and 45.
3
Calculate the greatest common divisor of 5 and 778465.
5
What is the highest common divisor of 18828 and 36?
36
Calculate the greatest common factor of 209 and 64152.
11
Calculate the highest common factor of 44900 and 800.
100
What is the highest common factor of 11888 and 24?
8
Calculate the greatest common divisor of 10384 and 1144.
88
Calculate the greatest common factor of 532606 and 5660.
566
Calculate the greatest common factor of 6 and 584.
2
Calculate the greatest common factor of 37455 and 22.
11
Calculate the highest common divisor of 3128 and 22423.
17
Calculate the greatest common divisor of 28 and 3535.
7
Calculate the greatest common divisor of 1862 and 104671.
133
What is the greatest common divisor of 1228 and 2075627?
307
Calculate the greatest common factor of 35 and 2853970.
35
Calculate the highest common divisor of 3195 and 212787.
639
What is the highest common factor of 2295 and 137275?
85
Calculate the highest common factor of 540 and 380.
20
What is the